 factors of 4/(-6) - (-5054)/57?
2, 11
Suppose 2*c + 29*u - 27*u = 946, -5*u = -4*c + 1865. List the prime factors of c.
2, 5, 47
Let d = 568 + 1840. What are the prime factors of d?
2, 7, 43
Let f be (-11976)/(-40) - 6/(-10). Suppose 0 = -3*u - u + f. List the prime factors of u.
3, 5
Suppose 63*j - 5580 = -27*j. List the prime factors of j.
2, 31
Suppose -31*k + 72542 = -8*k. What are the prime factors of k?
2, 19, 83
Let b = -10 + 18. Let q be ((-4)/20 + 688/(-10))*-3. Suppose -225 = -b*u + q. What are the prime factors of u?
2, 3
Let a be (2/(-8))/(4/(-16)). Let v(d) = 5*d**2 - 2*d + 1. Let l be v(a). Suppose 64 = 6*k - l*k. List the prime factors of k.
2
Let l(r) = -r**2 + 5*r + 25. Let y be l(8). What are the prime factors of (-4 + -4 + 189)/y?
181
Let s(w) = w + 6. Let z be s(-7). Let u = 22 + z. List the prime factors of u.
3, 7
Let s = -10 + 12. Suppose 3*j - 2*r = -j - 18, -2*r = s*j - 6. What are the prime factors of (295/15 - j)*3?
5, 13
Suppose 0 = u + 2*u - 12. Suppose u*x + x = 40. Suppose -34 = -2*v + 2*c + 3*c, 4*v - x = -5*c. List the prime factors of v.
7
Let a(u) = 18*u**3 - 3*u**2 + 2. Let c be a(2). Suppose 0 = -2*z - 4*v + c, 5*v + 1 = 6. List the prime factors of z.
5, 13
Let y(u) = 30*u - 70. What are the prime factors of y(15)?
2, 5, 19
Suppose 5*q - 2*u + 3280 - 32771 = 0, -3*q + 5*u = -17687. What are the prime factors of q?
17, 347
Suppose -u + 0 = q + 3, u = -2*q - 11. Suppose 34 = -y - 4*r, 0 = 3*y - 4*r - 8 + 30. Let l = q - y. List the prime factors of l.
2, 3
Let g = 19 + -9. Let x be g/(-1 + (4 - 1)). Suppose -53 = -x*h + 77. List the prime factors of h.
2, 13
Suppose m + 2*r - 713 = 0, -7*m - 2*r - 721 = -8*m. List the prime factors of m.
3, 239
Let d(j) = 2*j**2 - 3*j - 24. Let i(r) = -r**2 + 2*r + 12. Let o(u) = 3*d(u) + 5*i(u). List the prime factors of o(6).
2, 3, 5
Suppose 47*t = 57*t - 11480. List the prime factors of t.
2, 7, 41
Suppose j + 4*n - 8319 = -2888, 4*n + 10898 = 2*j. What are the prime factors of j?
5443
Let t(h) = h**2 - 4. Let d = -2 + 0. Let s be t(d). Let a(p) = p + 37. What are the prime factors of a(s)?
37
Suppose -2*y - 57 = r, -5*y = 5*r - 2*r + 170. Let i = r - -237. What are the prime factors of i?
2, 7, 13
Let o be ((-9)/6*8)/(-1). Let y(i) = 31*i - 48. List the prime factors of y(o).
2, 3
Let o = 5892 + -4189. What are the prime factors of o?
13, 131
Let r(t) = -t**2 + 9*t - 6. Suppose -10 = -4*w + 22. List the prime factors of r(w).
2
Suppose 81*l - 83*l - 50 = 0. Let q be (18/1)/((-8)/20). Let t = l - q. What are the prime factors of t?
2, 5
Suppose 2411 - 7601 = -3*n - 3*v, -4*n = -v - 6900. What are the prime factors of n?
2, 863
Suppose 0 = 3*u + 5*m - 13466, -3*m = -3*u + 3687 + 9747. What are the prime factors of u?
2, 3, 83
Let j be (1 - -2)/(5*4/20). Suppose -130 = j*v - 340. What are the prime factors of v?
2, 5, 7
Let s(l) = -l - 5. Let p be s(-4). List the prime factors of 2275/21 + 2/(-3)*p.
109
Let i(l) = l**3 + 8*l**2 + 2*l + 20. Let v be i(-7). Suppose d - 12*d = -v. List the prime factors of d.
5
Let k be 8 - (0 - (-5 - (-3 - -2))). What are the prime factors of (k/(-6))/((-2)/444)?
2, 37
Let q be (-12)/(-9) + ((-485)/15 - -1). Let f = 225 + q. What are the prime factors of f?
3, 5, 13
Suppose 2*z + 4*n = 46, 4*z + 4*n = -z + 91. List the prime factors of z.
3, 5
What are the prime factors of (-1)/((2/699)/((-40)/12))?
5, 233
Let c be (10/25)/(1/15). Suppose y - c*y = -275. Suppose -y = -p - 4*p. List the prime factors of p.
11
Let y be (6/(-4))/(9/(-12)). Let c = -1 - y. List the prime factors of (-236)/(-12) - c/9.
2, 5
Let w = -17 - -44. Suppose -c + 13 = -3*m, 5*m - 4*c = -c - w. Let h(z) = -2*z**3 - 2*z**2 + 2*z + 1. What are the prime factors of h(m)?
31
Let d be (1 + 175*2)*1. Suppose -9*p + 0 = -d. List the prime factors of p.
3, 13
Suppose -3*u = -4*u + 50. Suppose 0*d = 2*d - u. Suppose -5*f = -2*k - 86, d + 17 = 3*f + 2*k. What are the prime factors of f?
2
Let b = 2 + -4. Let c be (-7)/14 + (-1)/b. Suppose r - 14 = -2*f + 13, r - 2*f - 23 = c. List the prime factors of r.
5
Let q = 36 + 282. Suppose -3*b - q = -5*d + b, 4*b = -5*d + 302. What are the prime factors of d?
2, 31
Suppose 0 = -7*k + 5*k - 16. Let j be (10/4)/(k/(-16)). Suppose -68 = j*t - 7*t. What are the prime factors of t?
2, 17
List the prime factors of (-4622)/(-4) - 3/6.
3, 5, 7, 11
Let x(v) = -2*v**3 - v**2 + 11. Let w be x(-6). List the prime factors of (-18)/24 + w/4.
101
Suppose 0*r = -3*s - 5*r - 14, s - 10 = 2*r. Let g = s - -9. List the prime factors of g.
11
Let t = -234 + 124. Let n be 8/(-6) + t/(-6). Suppose 0*v + v - n = 0. List the prime factors of v.
17
Suppose 2*j - 3*j + 16 = 0. Suppose j = 6*p - 4*p. Let u(a) = 4*a - 12. What are the prime factors of u(p)?
2, 5
Suppose -679 - 4584 = -y. What are the prime factors of y?
19, 277
Let v be (-8)/2 - (276*-1 - -2). Let t be (9/(-1))/((-6)/(-4)). What are the prime factors of v/(-3)*4/t?
2, 3, 5
Suppose -48 = u - 3*u. Suppose -a + 0*a - 4*s + u = 0, 3*s = -12. What are the prime factors of a?
2, 5
Let g(b) = -106*b**3 + 3*b**2 + 10*b + 14. What are the prime factors of g(-2)?
2, 7, 61
Let w(y) = -y**2 + 13*y + 17. Let p be w(14). Let k be -2 + (1 - 1*-4). Suppose p = -k*n + 12. What are the prime factors of n?
3
Let m(l) = l**3 - 5*l**2 - l + 7. Let s be m(5). Suppose -s*a = a - 228. List the prime factors of a.
2, 19
Let v = -20 - -24. List the prime factors of (378/(-35))/(v/(40/(-3))).
2, 3
List the prime factors of 0 + -4 + 3 + 2823.
2, 17, 83
Suppose 4*y = 13 - 1. Suppose 32 = -y*k + 5*k. What are the prime factors of k/24*(-99)/(-2)?
3, 11
Let z be ((-12)/8)/((-6)/76). Suppose 0*n = -n - z. List the prime factors of -1*0/(-3) - n.
19
Let u = 1598 - 778. List the prime factors of u.
2, 5, 41
Suppose 8*q - 12*q + 48 = 0. Suppose 18 = t - q. Let u = 73 - t. List the prime factors of u.
43
What are the prime factors of (-2 - -3)/((-77)/(-147455))?
5, 383
Let l be (-1)/(-2)*(1 + 7). Let a be -1 - (-2*l)/2. Suppose 0 = 4*h - u - 73, 0 = a*u + 4 - 1. List the prime factors of h.
2, 3
Let v = -73 - -77. Let l = 2 - 2. Suppose -4*b + 64 + l = v*j, -b - 68 = -3*j. What are the prime factors of j?
3, 7
Suppose 4*u - 1312 = -2*x, -x = 4*u - 170 - 1144. Suppose u = -175*g + 176*g. List the prime factors of g.
7, 47
Suppose -8 = 4*d - 6*d. Suppose 5*t = d*t + 158. What are the prime factors of t?
2, 79
Let b = 1972 - 1220. List the prime factors of b.
2, 47
Let s(i) = i**3 - 4*i**2 - 8*i - 4. Suppose -7 = 2*n - f - 21, -4*n - 5*f = -42. List the prime factors of s(n).
2, 47
Suppose s = -4*s + 4*v - 1072, 0 = -2*s - 4*v - 412. What are the prime factors of -4 - -2 - s - -1?
211
Let v(n) = -6*n**3 + 10*n**2 - 5*n + 2. Let j(s) = 5*s**3 - 9*s**2 + 5*s - 1. Let a(b) = 4*j(b) + 3*v(b). List the prime factors of a(4).
2, 3
Suppose 4*u - 8 = 12, 4*u - 864 = -4*b. What are the prime factors of b?
211
Suppose 392 = -5*j + 1412. Let c = j - 291. What are the prime factors of c/2*4/(-6)?
29
Suppose 29*y + 3*y - 7264 = 0. What are the prime factors of y?
227
Let r = -96 - -91. List the prime factors of (r/10)/(4/(-1552)).
2, 97
Suppose 4*o - 3*d = -0*d + 48, -o = 4*d - 12. Suppose 2*m + o = m. Let n = m + 35. What are the prime factors of n?
23
Suppose y - 22 = -x + 6, 0 = y + 3. Let s = 33 - x. Suppose -v + s*v = 7. What are the prime factors of v?
7
Suppose -9*s + 5132 + 5902 = 0. List the prime factors of s.
2, 613
Suppose -b - 5*d = -153, -b + 173 = -10*d + 5*d. Let f = -16 + b. List the prime factors of f.
3, 7
Let r = 19 - 11. Suppose 3*a + a - r = 0. Suppose a*i - 56 = k, -3*i + 3*k = -4*i + 28. List the prime factors of i.
2, 7
Suppose -18*w = -13*w - 385. List the prime factors of (w*-1 + 2)/(-1).
3, 5
Suppose 0 = x - 0*m + 2*m - 4, 14 = x - 3*m. Suppose 5*q + 2*j - 2437 = -j, -4*q = 3*j - 1949. List the prime factors of x/(-10) - q/(-10).
2, 3
Let n be 6*1 - (5 + -4). Let q(c) = -c**3 + 6*c**2 + 6*c - 12. What are the prime factors of q(n)?
43
Suppose 7*i + 16 = 8*i. List the prime factors of (i/(-40)*5)/((-2)/149).
149
Suppose -3*r + 3 + 6 = 0. Suppose -4*n + n + 4*f = -141, 0 = -r*f. List the prime factors of n.
47
Let x(b) = b**3 - 22*b**2 + 21*b + 1. Let j be x(21). Suppose -3 = 4*o + j, 250 = 5*t + 5*o. Let a = t + 4. Lis